{"id":672,"date":"2021-12-20T13:56:07","date_gmt":"2021-12-20T13:56:07","guid":{"rendered":"https:\/\/gestoriasole.com\/la-nostra-historia-assessoria-vilafranca\/"},"modified":"2022-03-14T09:05:32","modified_gmt":"2022-03-14T09:05:32","slug":"nuestra-historia-asesoria-vilafranca","status":"publish","type":"page","link":"https:\/\/gestoriasole.com\/es\/nuestra-historia-asesoria-vilafranca\/","title":{"rendered":"Nuestra Historia"},"content":{"rendered":"<p>[et_pb_section fb_built=&#8221;1&#8243; _builder_version=&#8221;4.6.6&#8243; _module_preset=&#8221;default&#8221; background_image=&#8221;https:\/\/gestoriasole.com\/wp-content\/uploads\/2021\/12\/slider_portada_gestoria.jpg&#8221; height=&#8221;80px&#8221; custom_padding=&#8221;0px||0px||false|false&#8221; global_colors_info=&#8221;{}&#8221;][\/et_pb_section][et_pb_section fb_built=&#8221;1&#8243; _builder_version=&#8221;4.6.6&#8243; _module_preset=&#8221;default&#8221; use_background_color_gradient=&#8221;on&#8221; background_color_gradient_start=&#8221;#efefef&#8221; background_color_gradient_end=&#8221;#ffffff&#8221; background_color_gradient_direction=&#8221;166deg&#8221; custom_margin=&#8221;5px||||false|false&#8221; custom_padding=&#8221;0px||0px||true|false&#8221; global_colors_info=&#8221;{}&#8221;][et_pb_row column_structure=&#8221;1_2,1_2&#8243; use_custom_gutter=&#8221;on&#8221; gutter_width=&#8221;1&#8243; make_equal=&#8221;on&#8221; _builder_version=&#8221;4.6.6&#8243; _module_preset=&#8221;default&#8221; background_enable_color=&#8221;off&#8221; width=&#8221;100%&#8221; custom_margin=&#8221;||||false|false&#8221; custom_padding=&#8221;0px||0px||true|false&#8221; global_colors_info=&#8221;{}&#8221;][et_pb_column type=&#8221;1_2&#8243; _builder_version=&#8221;4.6.6&#8243; _module_preset=&#8221;default&#8221; custom_padding=&#8221;7%||7%||true|false&#8221; global_colors_info=&#8221;{}&#8221;][et_pb_blurb title=&#8221;Nuestra historia&#8221; image_icon_width=&#8221;70%&#8221; content_max_width=&#8221;100%&#8221; _builder_version=&#8221;4.14.7&#8243; _module_preset=&#8221;default&#8221; header_level=&#8221;h1&#8243; header_font=&#8221;|600|||||||&#8221; header_font_size=&#8221;44px&#8221; body_font=&#8221;|300|||||||&#8221; body_font_size=&#8221;20px&#8221; width_tablet=&#8221;75%&#8221; width_phone=&#8221;100%&#8221; width_last_edited=&#8221;off|desktop&#8221; module_alignment=&#8221;left&#8221; custom_padding_tablet=&#8221;&#8221; custom_padding_phone=&#8221;|15px||15px|false|false&#8221; custom_padding_last_edited=&#8221;on|phone&#8221; animation_style=&#8221;fade&#8221; header_font_size_tablet=&#8221;36px&#8221; header_font_size_phone=&#8221;32px&#8221; header_font_size_last_edited=&#8221;on|phone&#8221; body_font_size_tablet=&#8221;18px&#8221; body_font_size_phone=&#8221;16px&#8221; body_font_size_last_edited=&#8221;on|phone&#8221; image_max_width=&#8221;70%&#8221; global_colors_info=&#8221;{}&#8221;]<\/p>\n<p>M\u00e1s de 40 a\u00f1os de experiencia y cientos de clientes satisfechos nos avalan.<\/p>\n<p>[\/et_pb_blurb][\/et_pb_column][et_pb_column type=&#8221;1_2&#8243; _builder_version=&#8221;4.6.6&#8243; _module_preset=&#8221;default&#8221; custom_padding=&#8221;7%||7%||true|false&#8221; global_colors_info=&#8221;{}&#8221;][\/et_pb_column][\/et_pb_row][\/et_pb_section][et_pb_section fb_built=&#8221;1&#8243; specialty=&#8221;on&#8221; _builder_version=&#8221;4.14.5&#8243; _module_preset=&#8221;default&#8221; global_colors_info=&#8221;{}&#8221;][et_pb_column type=&#8221;1_2&#8243; _builder_version=&#8221;3.25&#8243; custom_padding=&#8221;|||&#8221; global_colors_info=&#8221;{}&#8221; custom_padding__hover=&#8221;|||&#8221;][et_pb_text _builder_version=&#8221;4.14.9&#8243; _module_preset=&#8221;default&#8221; text_font=&#8221;|300|||||||&#8221; text_text_color=&#8221;#3a3a3a&#8221; text_font_size=&#8221;18px&#8221; header_3_font=&#8221;|600|||||||&#8221; header_3_text_color=&#8221;#3a3a3a&#8221; header_3_font_size=&#8221;26px&#8221; module_alignment=&#8221;left&#8221; custom_padding=&#8221;30px||||false|false&#8221; hover_enabled=&#8221;0&#8243; text_font_size_tablet=&#8221;17px&#8221; text_font_size_phone=&#8221;16px&#8221; text_font_size_last_edited=&#8221;on|phone&#8221; header_3_font_size_tablet=&#8221;24px&#8221; header_3_font_size_phone=&#8221;22px&#8221; header_3_font_size_last_edited=&#8221;on|phone&#8221; global_colors_info=&#8221;{}&#8221; sticky_enabled=&#8221;0&#8243;]<\/p>\n<p>Somos Gestoria Sol\u00e9, creada en 1970 para apoyar en la gesti\u00f3n de tr\u00e1mites a un peque\u00f1o grupo de empresas villafranquinas dedicadas a la automoci\u00f3n.<\/p>\n<p>Desde entonces, hemos crecido y ampliado nuestros servicios en el \u00e1mbito del asesoramiento empresarial, con el claro objetivo de trabajar conjuntamente con nuestros clientes en la gesti\u00f3n de sus empresas.<\/p>\n<p>Gestoria Sol\u00e9 se fund\u00f3 en la Rambla Nuestra Se\u00f1ora de Vilafranca en 1989, aunque sus or\u00edgenes se encuentran m\u00e1s atr\u00e1s. Concretamente en la Avenida de Barcelona hacia el a\u00f1o 1970.<\/p>\n<p>Josep Sol\u00e9 y sus hijos, Xavier y M. Ant\u00f2nia, siguiendo su instinto emprendedor, plantaron su semilla en lo que es hoy Gestor\u00eda y Corredur\u00eda de Seguros Sol\u00e9.<\/p>\n<p>Naci\u00f3 como una gestor\u00eda tradicional para empresas, aut\u00f3nomos y particulares que defend\u00eda un asesoramiento de proximidad y calidad, un trato personalizado, cercano y precios de mercado. Poco a poco nos hemos mantenido con esta tradici\u00f3n, pero actualmente tambi\u00e9n ofrecemos la nueva l\u00ednea de gestor\u00eda telem\u00e1tica y seguros en su amplio abanico (para empresas y particulares).<\/p>\n<p>Seguimos pues, trabajando a diario para ayudar en la gesti\u00f3n empresarial de nuestros clientes. Nuestra capacidad de adaptaci\u00f3n nos permite atender, asesorar y potenciar negocios y personas en un territorio mucho m\u00e1s amplio que el de la gesti\u00f3n. Los clientes de Gestoria Sol\u00e9 sienten nuestro apoyo al 100% y \u00e9sta es nuestra mejor satisfacci\u00f3n.<\/p>\n<p>[\/et_pb_text][\/et_pb_column][et_pb_column type=&#8221;1_2&#8243; specialty_columns=&#8221;2&#8243; _builder_version=&#8221;3.25&#8243; custom_padding=&#8221;|||&#8221; global_colors_info=&#8221;{}&#8221; custom_padding__hover=&#8221;|||&#8221;][et_pb_row_inner column_structure=&#8221;1_2,1_2&#8243; use_custom_gutter=&#8221;on&#8221; gutter_width=&#8221;2&#8243; make_equal=&#8221;on&#8221; _builder_version=&#8221;4.14.5&#8243; _module_preset=&#8221;default&#8221; custom_margin=&#8221;||||false|false&#8221; custom_padding=&#8221;||0px||false|false&#8221; global_colors_info=&#8221;{}&#8221;][et_pb_column_inner type=&#8221;1_2&#8243; saved_specialty_column_type=&#8221;1_2&#8243; _builder_version=&#8221;4.14.5&#8243; _module_preset=&#8221;default&#8221; global_colors_info=&#8221;{}&#8221;][et_pb_image src=&#8221;https:\/\/gestoriasole.com\/wp-content\/uploads\/2022\/01\/image002crop.jpg&#8221; alt=&#8221;Josep Sol\u00e9&#8221; title_text=&#8221;image002crop&#8221; force_fullwidth=&#8221;on&#8221; _builder_version=&#8221;4.14.6&#8243; _module_preset=&#8221;default&#8221; custom_margin=&#8221;||||false|false&#8221; border_radii=&#8221;on|12px|12px|12px|12px&#8221; box_shadow_style=&#8221;preset3&#8243; box_shadow_vertical=&#8221;20px&#8221; box_shadow_blur=&#8221;24px&#8221; box_shadow_spread=&#8221;-13px&#8221; global_colors_info=&#8221;{}&#8221;][\/et_pb_image][et_pb_text _builder_version=&#8221;4.14.7&#8243; _module_preset=&#8221;default&#8221; text_font=&#8221;|300|||||||&#8221; text_text_color=&#8221;#3a3a3a&#8221; header_3_font=&#8221;|600|||||||&#8221; header_3_text_color=&#8221;#3a3a3a&#8221; header_3_font_size=&#8221;26px&#8221; module_alignment=&#8221;left&#8221; custom_padding=&#8221;1px||||false|false&#8221; text_font_size_tablet=&#8221;17px&#8221; text_font_size_phone=&#8221;16px&#8221; text_font_size_last_edited=&#8221;on|phone&#8221; header_3_font_size_tablet=&#8221;24px&#8221; header_3_font_size_phone=&#8221;22px&#8221; header_3_font_size_last_edited=&#8221;on|phone&#8221; global_colors_info=&#8221;{}&#8221;]<\/p>\n<p>Josep Sol\u00e9<\/p>\n<p>[\/et_pb_text][\/et_pb_column_inner][et_pb_column_inner type=&#8221;1_2&#8243; saved_specialty_column_type=&#8221;1_2&#8243; _builder_version=&#8221;4.14.5&#8243; _module_preset=&#8221;default&#8221; global_colors_info=&#8221;{}&#8221;][et_pb_image src=&#8221;https:\/\/gestoriasole.com\/wp-content\/uploads\/2022\/01\/image001crop.jpg&#8221; alt=&#8221;Xavier Sol\u00e9&#8221; title_text=&#8221;image001crop&#8221; force_fullwidth=&#8221;on&#8221; _builder_version=&#8221;4.14.6&#8243; _module_preset=&#8221;default&#8221; custom_margin=&#8221;||||false|false&#8221; border_radii=&#8221;on|12px|12px|12px|12px&#8221; box_shadow_style=&#8221;preset3&#8243; box_shadow_vertical=&#8221;20px&#8221; box_shadow_blur=&#8221;24px&#8221; box_shadow_spread=&#8221;-13px&#8221; global_colors_info=&#8221;{}&#8221;][\/et_pb_image][et_pb_text _builder_version=&#8221;4.14.7&#8243; _module_preset=&#8221;default&#8221; text_font=&#8221;|300|||||||&#8221; text_text_color=&#8221;#3a3a3a&#8221; header_3_font=&#8221;|600|||||||&#8221; header_3_text_color=&#8221;#3a3a3a&#8221; header_3_font_size=&#8221;26px&#8221; module_alignment=&#8221;left&#8221; custom_padding=&#8221;1px||||false|false&#8221; text_font_size_tablet=&#8221;17px&#8221; text_font_size_phone=&#8221;16px&#8221; text_font_size_last_edited=&#8221;on|phone&#8221; header_3_font_size_tablet=&#8221;24px&#8221; header_3_font_size_phone=&#8221;22px&#8221; header_3_font_size_last_edited=&#8221;on|phone&#8221; global_colors_info=&#8221;{}&#8221;]<\/p>\n<p>Xavier Sol\u00e9<\/p>\n<p>[\/et_pb_text][\/et_pb_column_inner][\/et_pb_row_inner][et_pb_row_inner _builder_version=&#8221;4.14.5&#8243; _module_preset=&#8221;default&#8221; global_colors_info=&#8221;{}&#8221;][et_pb_column_inner saved_specialty_column_type=&#8221;1_2&#8243; _builder_version=&#8221;4.14.5&#8243; _module_preset=&#8221;default&#8221; global_colors_info=&#8221;{}&#8221;][et_pb_image src=&#8221;https:\/\/gestoriasole.com\/wp-content\/uploads\/2022\/01\/Carrer-Prat-de-la-Riba-Vilafranca.jpg&#8221; alt=&#8221;Prat de la Riba Vilafranca&#8221; title_text=&#8221;Carrer Prat de la Riba Vilafranca&#8221; force_fullwidth=&#8221;on&#8221; _builder_version=&#8221;4.14.6&#8243; _module_preset=&#8221;default&#8221; custom_margin=&#8221;||||false|false&#8221; border_radii=&#8221;on|12px|12px|12px|12px&#8221; box_shadow_style=&#8221;preset3&#8243; box_shadow_vertical=&#8221;20px&#8221; box_shadow_blur=&#8221;24px&#8221; box_shadow_spread=&#8221;-13px&#8221; global_colors_info=&#8221;{}&#8221;][\/et_pb_image][et_pb_text _builder_version=&#8221;4.14.6&#8243; _module_preset=&#8221;default&#8221; text_font=&#8221;|300|||||||&#8221; text_text_color=&#8221;#3a3a3a&#8221; header_3_font=&#8221;|600|||||||&#8221; header_3_text_color=&#8221;#3a3a3a&#8221; header_3_font_size=&#8221;26px&#8221; module_alignment=&#8221;left&#8221; custom_margin=&#8221;-12px|||||&#8221; custom_padding=&#8221;1px||||false|false&#8221; text_font_size_tablet=&#8221;17px&#8221; text_font_size_phone=&#8221;16px&#8221; text_font_size_last_edited=&#8221;on|phone&#8221; header_3_font_size_tablet=&#8221;24px&#8221; header_3_font_size_phone=&#8221;22px&#8221; header_3_font_size_last_edited=&#8221;on|phone&#8221; global_colors_info=&#8221;{}&#8221;]<\/p>\n<p>Antigua ubicaci\u00f3n de la gestor\u00eda en Prat de la Riba, actual Carretera de Barcelona.<\/p>\n<p>[\/et_pb_text][\/et_pb_column_inner][\/et_pb_row_inner][\/et_pb_column][\/et_pb_section]<\/p>\n","protected":false},"excerpt":{"rendered":"<p>M\u00e1s de 40 a\u00f1os de experiencia y cientos de clientes satisfechos nos avalan.Somos Gestoria Sol\u00e9, creada en 1970 para apoyar en la gesti\u00f3n de tr\u00e1mites a un peque\u00f1o grupo de empresas villafranquinas dedicadas a la automoci\u00f3n. Desde entonces, hemos crecido y ampliado nuestros servicios en el \u00e1mbito del asesoramiento empresarial, con el claro objetivo de [&hellip;]<\/p>\n","protected":false},"author":1,"featured_media":0,"parent":0,"menu_order":0,"comment_status":"closed","ping_status":"closed","template":"","meta":{"_et_pb_use_builder":"on","_et_pb_old_content":"","_et_gb_content_width":"","footnotes":""},"class_list":["post-672","page","type-page","status-publish","hentry"],"_links":{"self":[{"href":"https:\/\/gestoriasole.com\/es\/wp-json\/wp\/v2\/pages\/672","targetHints":{"allow":["GET"]}}],"collection":[{"href":"https:\/\/gestoriasole.com\/es\/wp-json\/wp\/v2\/pages"}],"about":[{"href":"https:\/\/gestoriasole.com\/es\/wp-json\/wp\/v2\/types\/page"}],"author":[{"embeddable":true,"href":"https:\/\/gestoriasole.com\/es\/wp-json\/wp\/v2\/users\/1"}],"replies":[{"embeddable":true,"href":"https:\/\/gestoriasole.com\/es\/wp-json\/wp\/v2\/comments?post=672"}],"version-history":[{"count":8,"href":"https:\/\/gestoriasole.com\/es\/wp-json\/wp\/v2\/pages\/672\/revisions"}],"predecessor-version":[{"id":943,"href":"https:\/\/gestoriasole.com\/es\/wp-json\/wp\/v2\/pages\/672\/revisions\/943"}],"wp:attachment":[{"href":"https:\/\/gestoriasole.com\/es\/wp-json\/wp\/v2\/media?parent=672"}],"curies":[{"name":"wp","href":"https:\/\/api.w.org\/{rel}","templated":true}]}}

<p>[et_pb_section fb_built=&#8221;1&#8243; _builder_version=&#8221;4.6.6&#8243; _module_preset=&#8221;default&#8221; background_image=&#8221;https://gestoriasole.com/wp-content/uploads/2021/12/slider_portada_gestoria.jpg&#8221; height=&#8221;80px&#8221; custom_padding=&#8221;0px||0px||false|false&#8221; global_colors_info=&#8221;{}&#8221;][/et_pb_section][et_pb_section fb_built=&#8221;1&#8243; _builder_version=&#8221;4.6.6&#8243; _module_preset=&#8221;default&#8221; use_background_color_gradient=&#8221;on&#8221; background_color_gradient_start=&#8221;#efefef&#8221; background_color_gradient_end=&#8221;#ffffff&#8221; background_color_gradient_direction=&#8221;166deg&#8221; custom_margin=&#8221;5px||||false|false&#8221; custom_padding=&#8221;0px||0px||true|false&#8221; global_colors_info=&#8221;{}&#8221;][et_pb_row column_structure=&#8221;1_2,1_2&#8243; use_custom_gutter=&#8221;on&#8221; gutter_width=&#8221;1&#8243; make_equal=&#8221;on&#8221; _builder_version=&#8221;4.6.6&#8243; _module_preset=&#8221;default&#8221; background_enable_color=&#8221;off&#8221; width=&#8221;100%&#8221; custom_margin=&#8221;||||false|false&#8221; custom_padding=&#8221;0px||0px||true|false&#8221; global_colors_info=&#8221;{}&#8221;][et_pb_column type=&#8221;1_2&#8243; _builder_version=&#8221;4.6.6&#8243; _module_preset=&#8221;default&#8221; custom_padding=&#8221;7%||7%||true|false&#8221; global_colors_info=&#8221;{}&#8221;][et_pb_blurb title=&#8221;Nuestra historia&#8221; image_icon_width=&#8221;70%&#8221; content_max_width=&#8221;100%&#8221; _builder_version=&#8221;4.14.7&#8243; _module_preset=&#8221;default&#8221; header_level=&#8221;h1&#8243; header_font=&#8221;|600|||||||&#8221; header_font_size=&#8221;44px&#8221; body_font=&#8221;|300|||||||&#8221; body_font_size=&#8221;20px&#8221; width_tablet=&#8221;75%&#8221; width_phone=&#8221;100%&#8221; width_last_edited=&#8221;off|desktop&#8221; module_alignment=&#8221;left&#8221; custom_padding_tablet=&#8221;&#8221; custom_padding_phone=&#8221;|15px||15px|false|false&#8221; custom_padding_last_edited=&#8221;on|phone&#8221; animation_style=&#8221;fade&#8221; header_font_size_tablet=&#8221;36px&#8221; header_font_size_phone=&#8221;32px&#8221; header_font_size_last_edited=&#8221;on|phone&#8221; body_font_size_tablet=&#8221;18px&#8221; body_font_size_phone=&#8221;16px&#8221; body_font_size_last_edited=&#8221;on|phone&#8221; image_max_width=&#8221;70%&#8221; global_colors_info=&#8221;{}&#8221;]</p>
<p>Más de 40 años de experiencia y cientos de clientes satisfechos nos avalan.</p>
<p>[/et_pb_blurb][/et_pb_column][et_pb_column type=&#8221;1_2&#8243; _builder_version=&#8221;4.6.6&#8243; _module_preset=&#8221;default&#8221; custom_padding=&#8221;7%||7%||true|false&#8221; global_colors_info=&#8221;{}&#8221;][/et_pb_column][/et_pb_row][/et_pb_section][et_pb_section fb_built=&#8221;1&#8243; specialty=&#8221;on&#8221; _builder_version=&#8221;4.14.5&#8243; _module_preset=&#8221;default&#8221; global_colors_info=&#8221;{}&#8221;][et_pb_column type=&#8221;1_2&#8243; _builder_version=&#8221;3.25&#8243; custom_padding=&#8221;|||&#8221; global_colors_info=&#8221;{}&#8221; custom_padding__hover=&#8221;|||&#8221;][et_pb_text _builder_version=&#8221;4.14.9&#8243; _module_preset=&#8221;default&#8221; text_font=&#8221;|300|||||||&#8221; text_text_color=&#8221;#3a3a3a&#8221; text_font_size=&#8221;18px&#8221; header_3_font=&#8221;|600|||||||&#8221; header_3_text_color=&#8221;#3a3a3a&#8221; header_3_font_size=&#8221;26px&#8221; module_alignment=&#8221;left&#8221; custom_padding=&#8221;30px||||false|false&#8221; hover_enabled=&#8221;0&#8243; text_font_size_tablet=&#8221;17px&#8221; text_font_size_phone=&#8221;16px&#8221; text_font_size_last_edited=&#8221;on|phone&#8221; header_3_font_size_tablet=&#8221;24px&#8221; header_3_font_size_phone=&#8221;22px&#8221; header_3_font_size_last_edited=&#8221;on|phone&#8221; global_colors_info=&#8221;{}&#8221; sticky_enabled=&#8221;0&#8243;]</p>
<p>Somos Gestoria Solé, creada en 1970 para apoyar en la gestión de trámites a un pequeño grupo de empresas villafranquinas dedicadas a la automoción.</p>
<p>Desde entonces, hemos crecido y ampliado nuestros servicios en el ámbito del asesoramiento empresarial, con el claro objetivo de trabajar conjuntamente con nuestros clientes en la gestión de sus empresas.</p>
<p>Gestoria Solé se fundó en la Rambla Nuestra Señora de Vilafranca en 1989, aunque sus orígenes se encuentran más atrás. Concretamente en la Avenida de Barcelona hacia el año 1970.</p>
<p>Josep Solé y sus hijos, Xavier y M. Antònia, siguiendo su instinto emprendedor, plantaron su semilla en lo que es hoy Gestoría y Correduría de Seguros Solé.</p>
<p>Nació como una gestoría tradicional para empresas, autónomos y particulares que defendía un asesoramiento de proximidad y calidad, un trato personalizado, cercano y precios de mercado. Poco a poco nos hemos mantenido con esta tradición, pero actualmente también ofrecemos la nueva línea de gestoría telemática y seguros en su amplio abanico (para empresas y particulares).</p>
<p>Seguimos pues, trabajando a diario para ayudar en la gestión empresarial de nuestros clientes. Nuestra capacidad de adaptación nos permite atender, asesorar y potenciar negocios y personas en un territorio mucho más amplio que el de la gestión. Los clientes de Gestoria Solé sienten nuestro apoyo al 100% y ésta es nuestra mejor satisfacción.</p>
<p>[/et_pb_text][/et_pb_column][et_pb_column type=&#8221;1_2&#8243; specialty_columns=&#8221;2&#8243; _builder_version=&#8221;3.25&#8243; custom_padding=&#8221;|||&#8221; global_colors_info=&#8221;{}&#8221; custom_padding__hover=&#8221;|||&#8221;][et_pb_row_inner column_structure=&#8221;1_2,1_2&#8243; use_custom_gutter=&#8221;on&#8221; gutter_width=&#8221;2&#8243; make_equal=&#8221;on&#8221; _builder_version=&#8221;4.14.5&#8243; _module_preset=&#8221;default&#8221; custom_margin=&#8221;||||false|false&#8221; custom_padding=&#8221;||0px||false|false&#8221; global_colors_info=&#8221;{}&#8221;][et_pb_column_inner type=&#8221;1_2&#8243; saved_specialty_column_type=&#8221;1_2&#8243; _builder_version=&#8221;4.14.5&#8243; _module_preset=&#8221;default&#8221; global_colors_info=&#8221;{}&#8221;][et_pb_image src=&#8221;https://gestoriasole.com/wp-content/uploads/2022/01/image002crop.jpg&#8221; alt=&#8221;Josep Solé&#8221; title_text=&#8221;image002crop&#8221; force_fullwidth=&#8221;on&#8221; _builder_version=&#8221;4.14.6&#8243; _module_preset=&#8221;default&#8221; custom_margin=&#8221;||||false|false&#8221; border_radii=&#8221;on|12px|12px|12px|12px&#8221; box_shadow_style=&#8221;preset3&#8243; box_shadow_vertical=&#8221;20px&#8221; box_shadow_blur=&#8221;24px&#8221; box_shadow_spread=&#8221;-13px&#8221; global_colors_info=&#8221;{}&#8221;][/et_pb_image][et_pb_text _builder_version=&#8221;4.14.7&#8243; _module_preset=&#8221;default&#8221; text_font=&#8221;|300|||||||&#8221; text_text_color=&#8221;#3a3a3a&#8221; header_3_font=&#8221;|600|||||||&#8221; header_3_text_color=&#8221;#3a3a3a&#8221; header_3_font_size=&#8221;26px&#8221; module_alignment=&#8221;left&#8221; custom_padding=&#8221;1px||||false|false&#8221; text_font_size_tablet=&#8221;17px&#8221; text_font_size_phone=&#8221;16px&#8221; text_font_size_last_edited=&#8221;on|phone&#8221; header_3_font_size_tablet=&#8221;24px&#8221; header_3_font_size_phone=&#8221;22px&#8221; header_3_font_size_last_edited=&#8221;on|phone&#8221; global_colors_info=&#8221;{}&#8221;]</p>
<p>Josep Solé</p>
<p>[/et_pb_text][/et_pb_column_inner][et_pb_column_inner type=&#8221;1_2&#8243; saved_specialty_column_type=&#8221;1_2&#8243; _builder_version=&#8221;4.14.5&#8243; _module_preset=&#8221;default&#8221; global_colors_info=&#8221;{}&#8221;][et_pb_image src=&#8221;https://gestoriasole.com/wp-content/uploads/2022/01/image001crop.jpg&#8221; alt=&#8221;Xavier Solé&#8221; title_text=&#8221;image001crop&#8221; force_fullwidth=&#8221;on&#8221; _builder_version=&#8221;4.14.6&#8243; _module_preset=&#8221;default&#8221; custom_margin=&#8221;||||false|false&#8221; border_radii=&#8221;on|12px|12px|12px|12px&#8221; box_shadow_style=&#8221;preset3&#8243; box_shadow_vertical=&#8221;20px&#8221; box_shadow_blur=&#8221;24px&#8221; box_shadow_spread=&#8221;-13px&#8221; global_colors_info=&#8221;{}&#8221;][/et_pb_image][et_pb_text _builder_version=&#8221;4.14.7&#8243; _module_preset=&#8221;default&#8221; text_font=&#8221;|300|||||||&#8221; text_text_color=&#8221;#3a3a3a&#8221; header_3_font=&#8221;|600|||||||&#8221; header_3_text_color=&#8221;#3a3a3a&#8221; header_3_font_size=&#8221;26px&#8221; module_alignment=&#8221;left&#8221; custom_padding=&#8221;1px||||false|false&#8221; text_font_size_tablet=&#8221;17px&#8221; text_font_size_phone=&#8221;16px&#8221; text_font_size_last_edited=&#8221;on|phone&#8221; header_3_font_size_tablet=&#8221;24px&#8221; header_3_font_size_phone=&#8221;22px&#8221; header_3_font_size_last_edited=&#8221;on|phone&#8221; global_colors_info=&#8221;{}&#8221;]</p>
<p>Xavier Solé</p>
<p>[/et_pb_text][/et_pb_column_inner][/et_pb_row_inner][et_pb_row_inner _builder_version=&#8221;4.14.5&#8243; _module_preset=&#8221;default&#8221; global_colors_info=&#8221;{}&#8221;][et_pb_column_inner saved_specialty_column_type=&#8221;1_2&#8243; _builder_version=&#8221;4.14.5&#8243; _module_preset=&#8221;default&#8221; global_colors_info=&#8221;{}&#8221;][et_pb_image src=&#8221;https://gestoriasole.com/wp-content/uploads/2022/01/Carrer-Prat-de-la-Riba-Vilafranca.jpg&#8221; alt=&#8221;Prat de la Riba Vilafranca&#8221; title_text=&#8221;Carrer Prat de la Riba Vilafranca&#8221; force_fullwidth=&#8221;on&#8221; _builder_version=&#8221;4.14.6&#8243; _module_preset=&#8221;default&#8221; custom_margin=&#8221;||||false|false&#8221; border_radii=&#8221;on|12px|12px|12px|12px&#8221; box_shadow_style=&#8221;preset3&#8243; box_shadow_vertical=&#8221;20px&#8221; box_shadow_blur=&#8221;24px&#8221; box_shadow_spread=&#8221;-13px&#8221; global_colors_info=&#8221;{}&#8221;][/et_pb_image][et_pb_text _builder_version=&#8221;4.14.6&#8243; _module_preset=&#8221;default&#8221; text_font=&#8221;|300|||||||&#8221; text_text_color=&#8221;#3a3a3a&#8221; header_3_font=&#8221;|600|||||||&#8221; header_3_text_color=&#8221;#3a3a3a&#8221; header_3_font_size=&#8221;26px&#8221; module_alignment=&#8221;left&#8221; custom_margin=&#8221;-12px|||||&#8221; custom_padding=&#8221;1px||||false|false&#8221; text_font_size_tablet=&#8221;17px&#8221; text_font_size_phone=&#8221;16px&#8221; text_font_size_last_edited=&#8221;on|phone&#8221; header_3_font_size_tablet=&#8221;24px&#8221; header_3_font_size_phone=&#8221;22px&#8221; header_3_font_size_last_edited=&#8221;on|phone&#8221; global_colors_info=&#8221;{}&#8221;]</p>
<p>Antigua ubicación de la gestoría en Prat de la Riba, actual Carretera de Barcelona.</p>
<p>[/et_pb_text][/et_pb_column_inner][/et_pb_row_inner][/et_pb_column][/et_pb_section]</p>

<p>Más de 40 años de experiencia y cientos de clientes satisfechos nos avalan.Somos Gestoria Solé, creada en 1970 para apoyar en la gestión de trámites a un pequeño grupo de empresas villafranquinas dedicadas a la automoción. Desde entonces, hemos crecido y ampliado nuestros servicios en el ámbito del asesoramiento empresarial, con el claro objetivo de [&hellip;]</p>
