{"id":847,"date":"2022-01-14T15:48:14","date_gmt":"2022-01-14T15:48:14","guid":{"rendered":"https:\/\/gestoriasole.com\/politica-de-privacidad\/"},"modified":"2022-01-19T15:56:16","modified_gmt":"2022-01-19T15:56:16","slug":"politica-de-privacidad","status":"publish","type":"page","link":"https:\/\/gestoriasole.com\/es\/politica-de-privacidad\/","title":{"rendered":"Pol\u00edtica de privacidad"},"content":{"rendered":"\n<p>En Gestoria Sol\u00e9 SLP nos preocupamos por la privacidad y la transparencia.<\/p>\n\n\n\n<p>A continuaci\u00f3n, le indicamos en detalle los tratamientos de datos personales que realizamos, as\u00ed como toda la informaci\u00f3n relativa a los mismos.<\/p>\n\n\n\n<p><strong>\u00bfQui\u00e9n es el responsable del tratamiento de sus datos?<\/strong><\/p>\n\n\n\n<p>GESTORIA SOL\u00c9 SLP<\/p>\n\n\n\n<p>B61455879<\/p>\n\n\n\n<p>Rambla de Nostra Senyora,1 \u2013 08720 Vilafranca del Pened\u00e8s \u2013 Barcelona (Espa\u00f1a)<\/p>\n\n\n\n<p>masole@gestoriasole.com<\/p>\n\n\n\n<p><strong>\u00bfCu\u00e1les son sus derechos cuando nos facilita sus datos?<\/strong><\/p>\n\n\n\n<p>Cualquier persona tiene derecho a obtener confirmaci\u00f3n sobre si en GESTORIA SOL\u00c9 SLP<\/p>\n\n\n\n<p>&nbsp;estamos tratando, o no, datos personales que les conciernan.<\/p>\n\n\n\n<p>Las personas interesadas tienen derecho a acceder a sus datos personales, as\u00ed como a solicitar la rectificaci\u00f3n de los datos inexactos o, en su caso, solicitar su supresi\u00f3n cuando, entre otros motivos, los datos ya no sean necesarios para los fines que fueron recogidos. Igualmente tiene derecho a la portabilidad de sus datos.<\/p>\n\n\n\n<p>En determinadas circunstancias, los interesados podr\u00e1n solicitar la limitaci\u00f3n del tratamiento de sus datos, en cuyo caso \u00fanicamente los conservaremos para el ejercicio o la defensa de reclamaciones.<\/p>\n\n\n\n<p>En determinadas circunstancias y por motivos relacionados con su situaci\u00f3n particular, los interesados podr\u00e1n oponerse al tratamiento de sus datos. En este caso, GESTORIA SOL\u00c9 SLP<\/p>\n\n\n\n<p>&nbsp;dejar\u00e1 de tratar los datos, salvo por motivos leg\u00edtimos imperiosos, o el ejercicio o la defensa de posibles reclamaciones.<\/p>\n\n\n\n<p>Podr\u00e1 ejercitar materialmente sus derechos de la siguiente forma: dirigi\u00e9ndose a masole@gestoriasole.com o Rambla de nostra Senyora,1 \u2013 08720 Vilafranca del Pened\u00e8s \u2013 Barcelona (Espa\u00f1a).<\/p>\n\n\n\n<p>Cuando se realice el env\u00edo de comunicaciones comerciales utilizando como base jur\u00eddica el inter\u00e9s leg\u00edtimo del responsable, el interesado podr\u00e1 oponerse al tratamiento de sus datos con ese fin.<\/p>\n\n\n\n<p>Si ha otorgado su consentimiento para alguna finalidad concreta, tiene derecho a retirar el consentimiento otorgado en cualquier momento, sin que ello afecte a la licitud del tratamiento basado en el consentimiento previo a su retirada.<\/p>\n\n\n\n<p>En caso de que sienta vulnerados sus derechos en lo concerniente a la protecci\u00f3n de sus datos personales, especialmente cuando no haya obtenido satisfacci\u00f3n en el ejercicio de sus derechos, puede presentar una reclamaci\u00f3n ante la Autoridad de Control en materia de Protecci\u00f3n de Datos competente a trav\u00e9s de su sitio web: www.aepd.es.<\/p>\n\n\n\n<ol class=\"wp-block-list\" type=\"1\"><li><strong>Tratamiento de los datos de los contactos web<\/strong><\/li><\/ol>\n\n\n\n<p><strong>\u00bfCon qu\u00e9 finalidad tratamos sus datos personales?<\/strong><\/p>\n\n\n\n<p>En GESTORIA SOL\u00c9 SLP tratamos la informaci\u00f3n que nos facilitan las personas interesadas con el fin de atender su solicitud y enviarle comunicaciones comerciales y\/o newsletters. En el caso de que no facilite sus datos personales, no podremos cumplir con las funcionalidades descritas anteriormente.<\/p>\n\n\n\n<p>No se van a tomar decisiones automatizadas en base a los datos proporcionados.<\/p>\n\n\n\n<p><strong>\u00bfPor cu\u00e1nto tiempo conservaremos sus datos?<\/strong><\/p>\n\n\n\n<p>Los datos se conservar\u00e1n mientras el interesado no solicite su supresi\u00f3n.<\/p>\n\n\n\n<p><strong>\u00bfCu\u00e1l es la legitimaci\u00f3n para el tratamiento de sus datos?<\/strong><\/p>\n\n\n\n<p>Le indicamos la base legal para el tratamiento de sus datos:<\/p>\n\n\n\n<ul class=\"wp-block-list\"><li>Ejecuci\u00f3n de un contrato: Atender su solicitud.<\/li><li>Consentimiento del interesado: Enviar comunicaciones comerciales, inclusive por v\u00eda electr\u00f3nica.<\/li><\/ul>\n\n\n\n<p><strong>\u00bfA qu\u00e9 destinatarios se comunicar\u00e1n sus datos?<\/strong><\/p>\n\n\n\n<p>No se ceder\u00e1n datos a terceros, salvo obligaci\u00f3n legal.<\/p>\n\n\n\n<p><strong>Transferencias de datos a terceros pa\u00edses<\/strong><\/p>\n\n\n\n<p>Est\u00e1n previstas las siguientes transferencias de datos a terceros pa\u00edses:<\/p>\n\n\n\n<ul class=\"wp-block-list\"><li>Google, con la finalidad de hosting correo electr\u00f3nico. La garant\u00eda para esta transferencia se ha establecido a trav\u00e9s de: Cl\u00e1usulas tipo de protecci\u00f3n de datos.<\/li><li><strong>Tratamiento de los datos del correo electr\u00f3nico<\/strong><\/li><\/ul>\n\n\n\n<p><strong>\u00bfCon qu\u00e9 finalidad tratamos sus datos personales?<\/strong><\/p>\n\n\n\n<p>En GESTORIA SOL\u00c9 SLP tratamos la informaci\u00f3n que nos facilitan las personas interesadas con el fin de prestarle los servicios que nos ha solicitado, atender sus solicitudes de informaci\u00f3n y enviarle comunicaciones comerciales. En el caso de que no facilite sus datos personales, no podremos cumplir con las funcionalidades descritas anteriormente.<\/p>\n\n\n\n<p>No se van a tomar decisiones automatizadas en base a los datos proporcionados.<\/p>\n\n\n\n<p><strong>\u00bfPor cu\u00e1nto tiempo conservaremos sus datos?<\/strong><\/p>\n\n\n\n<p>Los datos se conservar\u00e1n mientras el interesado no solicite su supresi\u00f3n.<\/p>\n\n\n\n<p><strong>\u00bfCu\u00e1l es la legitimaci\u00f3n para el tratamiento de sus datos?<\/strong><\/p>\n\n\n\n<p>Le indicamos la base legal para el tratamiento de sus datos:<\/p>\n\n\n\n<ul class=\"wp-block-list\"><li>Ejecuci\u00f3n de un contrato: Atender su solicitud.<\/li><li>Inter\u00e9s leg\u00edtimo del Responsable: Env\u00edo de comunicaciones comerciales.<\/li><li>Consentimiento del interesado: Contacto y env\u00edo de comunicaciones comerciales en base al inter\u00e9s demostrado.<\/li><\/ul>\n\n\n\n<p><strong>\u00bfA qu\u00e9 destinatarios se comunicar\u00e1n sus datos?<\/strong><\/p>\n\n\n\n<p>No se ceder\u00e1n datos a terceros, salvo obligaci\u00f3n legal.<\/p>\n\n\n\n<p><strong>Transferencias de datos a terceros pa\u00edses<\/strong><\/p>\n\n\n\n<p>Est\u00e1n previstas las siguientes transferencias de datos a terceros pa\u00edses:<\/p>\n\n\n\n<ul class=\"wp-block-list\"><li>Google, con la finalidad de hosting correo electr\u00f3nico. La garant\u00eda para esta transferencia se ha establecido a trav\u00e9s de: Cl\u00e1usulas tipo de protecci\u00f3n de datos.<\/li><\/ul>\n","protected":false},"excerpt":{"rendered":"<p>En Gestoria Sol\u00e9 SLP nos preocupamos por la privacidad y la transparencia. A continuaci\u00f3n, le indicamos en detalle los tratamientos de datos personales que realizamos, as\u00ed como toda la informaci\u00f3n relativa a los mismos. \u00bfQui\u00e9n es el responsable del tratamiento de sus datos? GESTORIA SOL\u00c9 SLP B61455879 Rambla de Nostra Senyora,1 \u2013 08720 Vilafranca del [&hellip;]<\/p>\n","protected":false},"author":1,"featured_media":0,"parent":0,"menu_order":0,"comment_status":"closed","ping_status":"closed","template":"","meta":{"_et_pb_use_builder":"off","_et_pb_old_content":"","_et_gb_content_width":"","footnotes":""},"class_list":["post-847","page","type-page","status-publish","hentry"],"_links":{"self":[{"href":"https:\/\/gestoriasole.com\/es\/wp-json\/wp\/v2\/pages\/847","targetHints":{"allow":["GET"]}}],"collection":[{"href":"https:\/\/gestoriasole.com\/es\/wp-json\/wp\/v2\/pages"}],"about":[{"href":"https:\/\/gestoriasole.com\/es\/wp-json\/wp\/v2\/types\/page"}],"author":[{"embeddable":true,"href":"https:\/\/gestoriasole.com\/es\/wp-json\/wp\/v2\/users\/1"}],"replies":[{"embeddable":true,"href":"https:\/\/gestoriasole.com\/es\/wp-json\/wp\/v2\/comments?post=847"}],"version-history":[{"count":1,"href":"https:\/\/gestoriasole.com\/es\/wp-json\/wp\/v2\/pages\/847\/revisions"}],"predecessor-version":[{"id":850,"href":"https:\/\/gestoriasole.com\/es\/wp-json\/wp\/v2\/pages\/847\/revisions\/850"}],"wp:attachment":[{"href":"https:\/\/gestoriasole.com\/es\/wp-json\/wp\/v2\/media?parent=847"}],"curies":[{"name":"wp","href":"https:\/\/api.w.org\/{rel}","templated":true}]}}

Política de privacidad

<p>En Gestoria Solé SLP nos preocupamos por la privacidad y la transparencia.</p>



<p>A continuación, le indicamos en detalle los tratamientos de datos personales que realizamos, así como toda la información relativa a los mismos.</p>



<p><strong>¿Quién es el responsable del tratamiento de sus datos?</strong></p>



<p>GESTORIA SOLÉ SLP</p>



<p>B61455879</p>



<p>Rambla de Nostra Senyora,1 – 08720 Vilafranca del Penedès – Barcelona (España)</p>



<p>masole@gestoriasole.com</p>



<p><strong>¿Cuáles son sus derechos cuando nos facilita sus datos?</strong></p>



<p>Cualquier persona tiene derecho a obtener confirmación sobre si en GESTORIA SOLÉ SLP</p>



<p>&nbsp;estamos tratando, o no, datos personales que les conciernan.</p>



<p>Las personas interesadas tienen derecho a acceder a sus datos personales, así como a solicitar la rectificación de los datos inexactos o, en su caso, solicitar su supresión cuando, entre otros motivos, los datos ya no sean necesarios para los fines que fueron recogidos. Igualmente tiene derecho a la portabilidad de sus datos.</p>



<p>En determinadas circunstancias, los interesados podrán solicitar la limitación del tratamiento de sus datos, en cuyo caso únicamente los conservaremos para el ejercicio o la defensa de reclamaciones.</p>



<p>En determinadas circunstancias y por motivos relacionados con su situación particular, los interesados podrán oponerse al tratamiento de sus datos. En este caso, GESTORIA SOLÉ SLP</p>



<p>&nbsp;dejará de tratar los datos, salvo por motivos legítimos imperiosos, o el ejercicio o la defensa de posibles reclamaciones.</p>



<p>Podrá ejercitar materialmente sus derechos de la siguiente forma: dirigiéndose a masole@gestoriasole.com o Rambla de nostra Senyora,1 – 08720 Vilafranca del Penedès – Barcelona (España).</p>



<p>Cuando se realice el envío de comunicaciones comerciales utilizando como base jurídica el interés legítimo del responsable, el interesado podrá oponerse al tratamiento de sus datos con ese fin.</p>



<p>Si ha otorgado su consentimiento para alguna finalidad concreta, tiene derecho a retirar el consentimiento otorgado en cualquier momento, sin que ello afecte a la licitud del tratamiento basado en el consentimiento previo a su retirada.</p>



<p>En caso de que sienta vulnerados sus derechos en lo concerniente a la protección de sus datos personales, especialmente cuando no haya obtenido satisfacción en el ejercicio de sus derechos, puede presentar una reclamación ante la Autoridad de Control en materia de Protección de Datos competente a través de su sitio web: www.aepd.es.</p>



<ol class="wp-block-list" type="1"><li><strong>Tratamiento de los datos de los contactos web</strong></li></ol>



<p><strong>¿Con qué finalidad tratamos sus datos personales?</strong></p>



<p>En GESTORIA SOLÉ SLP tratamos la información que nos facilitan las personas interesadas con el fin de atender su solicitud y enviarle comunicaciones comerciales y/o newsletters. En el caso de que no facilite sus datos personales, no podremos cumplir con las funcionalidades descritas anteriormente.</p>



<p>No se van a tomar decisiones automatizadas en base a los datos proporcionados.</p>



<p><strong>¿Por cuánto tiempo conservaremos sus datos?</strong></p>



<p>Los datos se conservarán mientras el interesado no solicite su supresión.</p>



<p><strong>¿Cuál es la legitimación para el tratamiento de sus datos?</strong></p>



<p>Le indicamos la base legal para el tratamiento de sus datos:</p>



<ul class="wp-block-list"><li>Ejecución de un contrato: Atender su solicitud.</li><li>Consentimiento del interesado: Enviar comunicaciones comerciales, inclusive por vía electrónica.</li></ul>



<p><strong>¿A qué destinatarios se comunicarán sus datos?</strong></p>



<p>No se cederán datos a terceros, salvo obligación legal.</p>



<p><strong>Transferencias de datos a terceros países</strong></p>



<p>Están previstas las siguientes transferencias de datos a terceros países:</p>



<ul class="wp-block-list"><li>Google, con la finalidad de hosting correo electrónico. La garantía para esta transferencia se ha establecido a través de: Cláusulas tipo de protección de datos.</li><li><strong>Tratamiento de los datos del correo electrónico</strong></li></ul>



<p><strong>¿Con qué finalidad tratamos sus datos personales?</strong></p>



<p>En GESTORIA SOLÉ SLP tratamos la información que nos facilitan las personas interesadas con el fin de prestarle los servicios que nos ha solicitado, atender sus solicitudes de información y enviarle comunicaciones comerciales. En el caso de que no facilite sus datos personales, no podremos cumplir con las funcionalidades descritas anteriormente.</p>



<p>No se van a tomar decisiones automatizadas en base a los datos proporcionados.</p>



<p><strong>¿Por cuánto tiempo conservaremos sus datos?</strong></p>



<p>Los datos se conservarán mientras el interesado no solicite su supresión.</p>



<p><strong>¿Cuál es la legitimación para el tratamiento de sus datos?</strong></p>



<p>Le indicamos la base legal para el tratamiento de sus datos:</p>



<ul class="wp-block-list"><li>Ejecución de un contrato: Atender su solicitud.</li><li>Interés legítimo del Responsable: Envío de comunicaciones comerciales.</li><li>Consentimiento del interesado: Contacto y envío de comunicaciones comerciales en base al interés demostrado.</li></ul>



<p><strong>¿A qué destinatarios se comunicarán sus datos?</strong></p>



<p>No se cederán datos a terceros, salvo obligación legal.</p>



<p><strong>Transferencias de datos a terceros países</strong></p>



<p>Están previstas las siguientes transferencias de datos a terceros países:</p>



<ul class="wp-block-list"><li>Google, con la finalidad de hosting correo electrónico. La garantía para esta transferencia se ha establecido a través de: Cláusulas tipo de protección de datos.</li></ul>

<p>En Gestoria Solé SLP nos preocupamos por la privacidad y la transparencia. A continuación, le indicamos en detalle los tratamientos de datos personales que realizamos, así como toda la información relativa a los mismos. ¿Quién es el responsable del tratamiento de sus datos? GESTORIA SOLÉ SLP B61455879 Rambla de Nostra Senyora,1 – 08720 Vilafranca del [&hellip;]</p>
